{"id":11093,"date":"2024-07-01T07:46:04","date_gmt":"2024-07-01T07:46:04","guid":{"rendered":"https:\/\/les-atypiques-chalets.com\/produit\/reservation-3\/"},"modified":"2025-06-04T08:44:29","modified_gmt":"2025-06-04T08:44:29","slug":"reservation-3","status":"publish","type":"product","link":"https:\/\/les-atypiques-chalets.com\/de\/produit\/reservation-3\/","title":{"rendered":"R\u00e9servez votre s\u00e9jour aux Atypiques Chalets \u2013 Bien-\u00eatre dans les Vosges"},"content":{"rendered":"<p data-start=\"318\" data-end=\"559\">Plongez dans l\u2019univers des Atypiques Chalets et r\u00e9servez d\u00e8s maintenant votre s\u00e9jour inoubliable au c\u0153ur des Vosges. Profitez de chalets A-Frame au design unique, nich\u00e9s \u00e0 seulement 10 km de G\u00e9rardmer, dans un environnement calme et naturel.<\/p>\n<p data-start=\"561\" data-end=\"1004\">\u2728 Nos h\u00e9bergements sont \u00e9quip\u00e9s de bains nordiques privatifs chauff\u00e9s, de saunas (en commun ou \u00e0 privatiser), et d\u2019une cuisine enti\u00e8rement \u00e9quip\u00e9e pour un confort optimal.<br data-start=\"732\" data-end=\"735\" \/>\ud83d\udc3e Les animaux sont les bienvenus, car ici, m\u00eame votre chien fait partie des vacances.<br data-start=\"821\" data-end=\"824\" \/>\ud83c\udfbf En hiver, vous \u00eates \u00e0 deux pas des pistes ; en \u00e9t\u00e9, les randonn\u00e9es et le <a href=\"https:\/\/les-atypiques-chalets.com\/de\/location-proche-lac-gerardmer-decouvrez-les-atypiques-chalets-pour-un-sejour-inoubliable\/\"  data-wpil-monitor-id=\"2291\">Lac de G\u00e9rardmer<\/a> vous attendent.<br data-start=\"932\" data-end=\"935\" \/>\ud83d\ude97 Un grand <a href=\"https:\/\/les-atypiques-chalets.com\/de\/testimonials\/sarah-2\/\"  data-wpil-monitor-id=\"2292\">parking<\/a> priv\u00e9 est disponible gratuitement pour nos h\u00f4tes.<\/p>\n<p data-start=\"1006\" data-end=\"1169\">\ud83d\udcc5 Cette page vous permet d\u2019effectuer une <strong data-start=\"1048\" data-end=\"1081\">pr\u00e9-r\u00e9servation personnalis\u00e9e<\/strong>. Une fois votre demande valid\u00e9e, nous vous recontacterons pour finaliser les modalit\u00e9s.<\/p>","protected":false},"excerpt":{"rendered":"<p><strong data-start=\"111\" data-end=\"159\">Offrez-vous un s\u00e9jour unique dans les Vosges<\/strong> \ud83c\udf32<br data-start=\"162\" data-end=\"165\" \/>R\u00e9servez votre escapade bien-\u00eatre aux Atypiques Chalets, \u00e0 deux pas de G\u00e9rardmer.<br data-start=\"246\" data-end=\"249\" \/>\u2728 Chalets A-Frame tout confort, bain nordique privatif, sauna, nature et tranquillit\u00e9.<\/p>\n<a href=\"https:\/\/les-atypiques-chalets.com\/de\/produit\/reservation-3\/\" class=\"sohohotel-more-link\">Read More<\/a>","protected":false},"featured_media":117171,"comment_status":"open","ping_status":"closed","template":"","meta":[],"product_brand":[],"product_cat":[1002],"product_tag":[1704,1700,1703,1702,1697,1701,1695,1696,1699,1698],"class_list":{"0":"post-11093","1":"product","2":"type-product","3":"status-publish","4":"has-post-thumbnail","6":"product_cat-reservation","7":"product_tag-chalet-a-louer-vosges","8":"product_tag-chalet-avec-sauna","9":"product_tag-chalet-montagne","10":"product_tag-hebergement-insolite","11":"product_tag-location-chalet-gerardmer","12":"product_tag-location-courte-duree-vosges","13":"product_tag-reservation-chalet-vosges","14":"product_tag-sejour-spa-privatif","15":"product_tag-vacances-vosges","16":"product_tag-week-end-bien-etre","18":"first","19":"instock","20":"taxable","21":"shipping-taxable","22":"purchasable","23":"product-type-simple"},"_links":{"self":[{"href":"https:\/\/les-atypiques-chalets.com\/de\/wp-json\/wp\/v2\/product\/11093","targetHints":{"allow":["GET"]}}],"collection":[{"href":"https:\/\/les-atypiques-chalets.com\/de\/wp-json\/wp\/v2\/product"}],"about":[{"href":"https:\/\/les-atypiques-chalets.com\/de\/wp-json\/wp\/v2\/types\/product"}],"replies":[{"embeddable":true,"href":"https:\/\/les-atypiques-chalets.com\/de\/wp-json\/wp\/v2\/comments?post=11093"}],"wp:featuredmedia":[{"embeddable":true,"href":"https:\/\/les-atypiques-chalets.com\/de\/wp-json\/wp\/v2\/media\/117171"}],"wp:attachment":[{"href":"https:\/\/les-atypiques-chalets.com\/de\/wp-json\/wp\/v2\/media?parent=11093"}],"wp:term":[{"taxonomy":"product_brand","embeddable":true,"href":"https:\/\/les-atypiques-chalets.com\/de\/wp-json\/wp\/v2\/product_brand?post=11093"},{"taxonomy":"product_cat","embeddable":true,"href":"https:\/\/les-atypiques-chalets.com\/de\/wp-json\/wp\/v2\/product_cat?post=11093"},{"taxonomy":"product_tag","embeddable":true,"href":"https:\/\/les-atypiques-chalets.com\/de\/wp-json\/wp\/v2\/product_tag?post=11093"}],"curies":[{"name":"wp","href":"https:\/\/api.w.org\/{rel}","templated":true}]}}

Réservez votre séjour aux Atypiques Chalets – Bien-être dans les Vosges

<p data-start="318" data-end="559">Plongez dans l’univers des Atypiques Chalets et réservez dès maintenant votre séjour inoubliable au cœur des Vosges. Profitez de chalets A-Frame au design unique, nichés à seulement 10 km de Gérardmer, dans un environnement calme et naturel.</p>
<p data-start="561" data-end="1004">✨ Nos hébergements sont équipés de bains nordiques privatifs chauffés, de saunas (en commun ou à privatiser), et d’une cuisine entièrement équipée pour un confort optimal.<br data-start="732" data-end="735" />🐾 Les animaux sont les bienvenus, car ici, même votre chien fait partie des vacances.<br data-start="821" data-end="824" />🎿 En hiver, vous êtes à deux pas des pistes ; en été, les randonnées et le <a href="https://les-atypiques-chalets.com/de/location-proche-lac-gerardmer-decouvrez-les-atypiques-chalets-pour-un-sejour-inoubliable/"  data-wpil-monitor-id="2291">Lac de Gérardmer</a> vous attendent.<br data-start="932" data-end="935" />🚗 Un grand <a href="https://les-atypiques-chalets.com/de/testimonials/sarah-2/"  data-wpil-monitor-id="2292">parking</a> privé est disponible gratuitement pour nos hôtes.</p>
<p data-start="1006" data-end="1169">📅 Cette page vous permet d’effectuer une <strong data-start="1048" data-end="1081">pré-réservation personnalisée</strong>. Une fois votre demande validée, nous vous recontacterons pour finaliser les modalités.</p>

<p><strong data-start="111" data-end="159">Offrez-vous un séjour unique dans les Vosges</strong> 🌲<br data-start="162" data-end="165" />Réservez votre escapade bien-être aux Atypiques Chalets, à deux pas de Gérardmer.<br data-start="246" data-end="249" />✨ Chalets A-Frame tout confort, bain nordique privatif, sauna, nature et tranquillité.</p>
<a href="https://les-atypiques-chalets.com/de/produit/reservation-3/" class="sohohotel-more-link">Read More</a>
